{"id":1966,"date":"2016-06-24T11:32:33","date_gmt":"2016-06-24T09:32:33","guid":{"rendered":"https:\/\/bonnenouvelle.pro\/rosacepi\/?page_id=1966"},"modified":"2016-11-23T14:28:43","modified_gmt":"2016-11-23T13:28:43","slug":"participer-denier-de-leglise","status":"publish","type":"page","link":"https:\/\/bonnenouvelle.pro\/rosacepi\/vie-fraternelle\/soutenir-la-paroisse\/participer-denier-de-leglise\/","title":{"rendered":"Participer au Denier de l\u2019Eglise"},"content":{"rendered":"<h2><a href=\"https:\/\/bonnenouvelle.pro\/rosacepi\/participer-denier-de-leglise\/denier-chapeau-400\/\" rel=\"attachment wp-att-1968\"><img loading=\"lazy\" decoding=\"async\" class=\"alignnone size-full wp-image-1968\" src=\"https:\/\/bonnenouvelle.pro\/rosacepi\/wp-content\/uploads\/sites\/37\/2016\/06\/denier-chapeau-400.png\" alt=\"denier-chapeau-400\" width=\"598\" height=\"400\" srcset=\"https:\/\/bonnenouvelle.pro\/rosacepi\/wp-content\/uploads\/sites\/37\/2016\/06\/denier-chapeau-400.png 598w, https:\/\/bonnenouvelle.pro\/rosacepi\/wp-content\/uploads\/sites\/37\/2016\/06\/denier-chapeau-400-300x201.png 300w\" sizes=\"auto, (max-width: 598px) 100vw, 598px\" \/><\/a>Toute l\u2019ann\u00e9e, votre paroisse est \u00e0 votre service<\/h2>\n<p>Sacrements, c\u00e9l\u00e9brations et pri\u00e8re, partage, transmission de la foi, solidarit\u00e9, soutien aux familles et aux personnes isol\u00e9es&#8230; : votre paroisse a mille visages.<\/p>\n<p>Le cur\u00e9 de votre paroisse et son \u00e9quipe vous accueillent et vous accompagnent dans votre parcours de vie quelles qu&rsquo;en soient les circonstances, heureuses ou difficiles.<\/p>\n<p>Votre paroisse est aussi un espace ouvert d\u2019\u00e9coute et de partage, o\u00f9 chacun peut trouver sa place. Votre soutien contribue \u00e0 la faire vivre.<\/p>\n<ul>\n<li>Si je donne chaque mois 10 \u20ac, je contribue \u00e0 la d\u00e9coration florale d\u2019une \u00e9glise tout au long de l\u2019ann\u00e9e.<\/li>\n<li>Si je donne chaque mois 50 \u20ac, je contribue au financement du chauffage d\u2019une paroisse pendant l\u2019hiver.<\/li>\n<li>Si je donne chaque mois 90 \u20ac, je finance un mois de revenu brut d\u2019un pr\u00eatre.<\/li>\n<\/ul>\n<h2>Participer au Denier de l&rsquo;Eglise par CB s\u00e9curis\u00e9<\/h2>\n<p><a href=\"https:\/\/bonnenouvelle.pro\/rosacepi\/vie-fraternelle\/soutenir-la-paroisse\/participer-denier-de-leglise\/jefaisundon-rose-denier-ouest\/\" target=\"_blank\" rel=\"attachment wp-att-2038\"><img loading=\"lazy\" decoding=\"async\" class=\"size-full wp-image-2038 aligncenter\" src=\"https:\/\/bonnenouvelle.pro\/rosacepi\/wp-content\/uploads\/sites\/37\/2016\/06\/Jefaisundon-rose-denier-ouest.png\" alt=\"Je fais un don en ligne\" width=\"154\" height=\"98\" \/><\/a><\/p>\n<h2>Participer au Denier de l&rsquo;Eglise par ch\u00e8que et pr\u00e9l\u00e8vement automatique<\/h2>\n<ul>\n<li>un don par ch\u00e8que \u00e0 l&rsquo;ordre de<em> Paroisse&#8230;<\/em> \u00e0 renvoyer par courrier <em>\u00e0&#8230;<\/em><\/li>\n<li>par pr\u00e9l\u00e8vement automatique<\/li>\n<\/ul>\n<p>&nbsp;<\/p>\n<blockquote><p>Merci pour votre g\u00e9n\u00e9rosit\u00e9 !<\/p><\/blockquote>\n","protected":false},"excerpt":{"rendered":"<p>Toute l\u2019ann\u00e9e, votre paroisse est \u00e0 votre service Sacrements, c\u00e9l\u00e9brations et pri\u00e8re, partage, transmission de la foi, solidarit\u00e9, soutien aux familles et aux personnes isol\u00e9es&#8230; : votre paroisse a mille visages. Le cur\u00e9 de votre paroisse et son \u00e9quipe vous accueillent et vous accompagnent dans votre parcours de vie quelles qu&rsquo;en soient les circonstances, heureuses&hellip;<\/p>\n","protected":false},"author":2,"featured_media":0,"parent":1793,"menu_order":1,"comment_status":"open","ping_status":"closed","template":"page-templates\/child-pages.php","meta":{"footnotes":""},"class_list":["post-1966","page","type-page","status-publish","hentry","ctfw-no-image"],"yoast_head":"<!-- This site is optimized with the Yoast SEO plugin v27.5 - https:\/\/yoast.com\/product\/yoast-seo-wordpress\/ -->\n<title>Votre don au Denier de l&#039;Eglise permet de r\u00e9mun\u00e9rer les pr\u00eatres et la\u00efcs salari\u00e9s de la paroisse de<\/title>\n<meta name=\"description\" content=\"Toute l\u2019ann\u00e9e, votre paroisse est \u00e0 votre service Sacrements, c\u00e9l\u00e9brations et pri\u00e8re, partage, transmission de la foi, solidarit\u00e9, soutien aux familles et\" \/>\n<meta name=\"robots\" content=\"noindex, follow, max-snippet:-1, max-image-preview:large, max-video-preview:-1\" \/>\n<meta property=\"og:locale\" content=\"fr_FR\" \/>\n<meta property=\"og:type\" content=\"article\" \/>\n<meta property=\"og:title\" content=\"Votre don au Denier de l&#039;Eglise permet de r\u00e9mun\u00e9rer les pr\u00eatres et la\u00efcs salari\u00e9s de la paroisse de\" \/>\n<meta property=\"og:description\" content=\"Toute l\u2019ann\u00e9e, votre paroisse est \u00e0 votre service Sacrements, c\u00e9l\u00e9brations et pri\u00e8re, partage, transmission de la foi, solidarit\u00e9, soutien aux familles et\" \/>\n<meta property=\"og:url\" content=\"https:\/\/bonnenouvelle.pro\/rosacepi\/vie-fraternelle\/soutenir-la-paroisse\/participer-denier-de-leglise\/\" \/>\n<meta property=\"og:site_name\" content=\"Rosace Pack Initial\" \/>\n<meta property=\"article:modified_time\" content=\"2016-11-23T13:28:43+00:00\" \/>\n<meta property=\"og:image\" content=\"https:\/\/bonnenouvelle.pro\/rosacepi\/wp-content\/uploads\/sites\/37\/2016\/06\/denier-chapeau-400.png\" \/>\n<meta name=\"twitter:card\" content=\"summary_large_image\" \/>\n<script type=\"application\/ld+json\" class=\"yoast-schema-graph\">{\"@context\":\"https:\\\/\\\/schema.org\",\"@graph\":[{\"@type\":\"WebPage\",\"@id\":\"https:\\\/\\\/bonnenouvelle.pro\\\/rosacepi\\\/vie-fraternelle\\\/soutenir-la-paroisse\\\/participer-denier-de-leglise\\\/\",\"url\":\"https:\\\/\\\/bonnenouvelle.pro\\\/rosacepi\\\/vie-fraternelle\\\/soutenir-la-paroisse\\\/participer-denier-de-leglise\\\/\",\"name\":\"Votre don au Denier de l'Eglise permet de r\u00e9mun\u00e9rer les pr\u00eatres et la\u00efcs salari\u00e9s de la paroisse de\",\"isPartOf\":{\"@id\":\"https:\\\/\\\/bonnenouvelle.pro\\\/rosacepi\\\/#website\"},\"primaryImageOfPage\":{\"@id\":\"https:\\\/\\\/bonnenouvelle.pro\\\/rosacepi\\\/vie-fraternelle\\\/soutenir-la-paroisse\\\/participer-denier-de-leglise\\\/#primaryimage\"},\"image\":{\"@id\":\"https:\\\/\\\/bonnenouvelle.pro\\\/rosacepi\\\/vie-fraternelle\\\/soutenir-la-paroisse\\\/participer-denier-de-leglise\\\/#primaryimage\"},\"thumbnailUrl\":\"https:\\\/\\\/bonnenouvelle.pro\\\/rosacepi\\\/wp-content\\\/uploads\\\/sites\\\/37\\\/2016\\\/06\\\/denier-chapeau-400.png\",\"datePublished\":\"2016-06-24T09:32:33+00:00\",\"dateModified\":\"2016-11-23T13:28:43+00:00\",\"description\":\"Toute l\u2019ann\u00e9e, votre paroisse est \u00e0 votre service Sacrements, c\u00e9l\u00e9brations et pri\u00e8re, partage, transmission de la foi, solidarit\u00e9, soutien aux familles et\",\"breadcrumb\":{\"@id\":\"https:\\\/\\\/bonnenouvelle.pro\\\/rosacepi\\\/vie-fraternelle\\\/soutenir-la-paroisse\\\/participer-denier-de-leglise\\\/#breadcrumb\"},\"inLanguage\":\"fr-FR\",\"potentialAction\":[{\"@type\":\"ReadAction\",\"target\":[\"https:\\\/\\\/bonnenouvelle.pro\\\/rosacepi\\\/vie-fraternelle\\\/soutenir-la-paroisse\\\/participer-denier-de-leglise\\\/\"]}]},{\"@type\":\"ImageObject\",\"inLanguage\":\"fr-FR\",\"@id\":\"https:\\\/\\\/bonnenouvelle.pro\\\/rosacepi\\\/vie-fraternelle\\\/soutenir-la-paroisse\\\/participer-denier-de-leglise\\\/#primaryimage\",\"url\":\"https:\\\/\\\/bonnenouvelle.pro\\\/rosacepi\\\/wp-content\\\/uploads\\\/sites\\\/37\\\/2016\\\/06\\\/denier-chapeau-400.png\",\"contentUrl\":\"https:\\\/\\\/bonnenouvelle.pro\\\/rosacepi\\\/wp-content\\\/uploads\\\/sites\\\/37\\\/2016\\\/06\\\/denier-chapeau-400.png\",\"width\":598,\"height\":400},{\"@type\":\"BreadcrumbList\",\"@id\":\"https:\\\/\\\/bonnenouvelle.pro\\\/rosacepi\\\/vie-fraternelle\\\/soutenir-la-paroisse\\\/participer-denier-de-leglise\\\/#breadcrumb\",\"itemListElement\":[{\"@type\":\"ListItem\",\"position\":1,\"name\":\"Vie fraternelle\",\"item\":\"https:\\\/\\\/bonnenouvelle.pro\\\/rosacepi\\\/vie-fraternelle\\\/\"},{\"@type\":\"ListItem\",\"position\":2,\"name\":\"Soutenir la paroisse\",\"item\":\"https:\\\/\\\/bonnenouvelle.pro\\\/rosacepi\\\/vie-fraternelle\\\/soutenir-la-paroisse\\\/\"},{\"@type\":\"ListItem\",\"position\":3,\"name\":\"Participer au Denier de l\u2019Eglise\"}]},{\"@type\":\"WebSite\",\"@id\":\"https:\\\/\\\/bonnenouvelle.pro\\\/rosacepi\\\/#website\",\"url\":\"https:\\\/\\\/bonnenouvelle.pro\\\/rosacepi\\\/\",\"name\":\"Rosace Pack Initial\",\"description\":\"Mod\u00e8le de site WordPress Bonnenouvelle.fr\",\"potentialAction\":[{\"@type\":\"SearchAction\",\"target\":{\"@type\":\"EntryPoint\",\"urlTemplate\":\"https:\\\/\\\/bonnenouvelle.pro\\\/rosacepi\\\/?s={search_term_string}\"},\"query-input\":{\"@type\":\"PropertyValueSpecification\",\"valueRequired\":true,\"valueName\":\"search_term_string\"}}],\"inLanguage\":\"fr-FR\"}]}<\/script>\n<!-- \/ Yoast SEO plugin. -->","yoast_head_json":{"title":"Votre don au Denier de l'Eglise permet de r\u00e9mun\u00e9rer les pr\u00eatres et la\u00efcs salari\u00e9s de la paroisse de","description":"Toute l\u2019ann\u00e9e, votre paroisse est \u00e0 votre service Sacrements, c\u00e9l\u00e9brations et pri\u00e8re, partage, transmission de la foi, solidarit\u00e9, soutien aux familles et","robots":{"index":"noindex","follow":"follow","max-snippet":"max-snippet:-1","max-image-preview":"max-image-preview:large","max-video-preview":"max-video-preview:-1"},"og_locale":"fr_FR","og_type":"article","og_title":"Votre don au Denier de l'Eglise permet de r\u00e9mun\u00e9rer les pr\u00eatres et la\u00efcs salari\u00e9s de la paroisse de","og_description":"Toute l\u2019ann\u00e9e, votre paroisse est \u00e0 votre service Sacrements, c\u00e9l\u00e9brations et pri\u00e8re, partage, transmission de la foi, solidarit\u00e9, soutien aux familles et","og_url":"https:\/\/bonnenouvelle.pro\/rosacepi\/vie-fraternelle\/soutenir-la-paroisse\/participer-denier-de-leglise\/","og_site_name":"Rosace Pack Initial","article_modified_time":"2016-11-23T13:28:43+00:00","og_image":[{"url":"https:\/\/bonnenouvelle.pro\/rosacepi\/wp-content\/uploads\/sites\/37\/2016\/06\/denier-chapeau-400.png","type":"","width":"","height":""}],"twitter_card":"summary_large_image","schema":{"@context":"https:\/\/schema.org","@graph":[{"@type":"WebPage","@id":"https:\/\/bonnenouvelle.pro\/rosacepi\/vie-fraternelle\/soutenir-la-paroisse\/participer-denier-de-leglise\/","url":"https:\/\/bonnenouvelle.pro\/rosacepi\/vie-fraternelle\/soutenir-la-paroisse\/participer-denier-de-leglise\/","name":"Votre don au Denier de l'Eglise permet de r\u00e9mun\u00e9rer les pr\u00eatres et la\u00efcs salari\u00e9s de la paroisse de","isPartOf":{"@id":"https:\/\/bonnenouvelle.pro\/rosacepi\/#website"},"primaryImageOfPage":{"@id":"https:\/\/bonnenouvelle.pro\/rosacepi\/vie-fraternelle\/soutenir-la-paroisse\/participer-denier-de-leglise\/#primaryimage"},"image":{"@id":"https:\/\/bonnenouvelle.pro\/rosacepi\/vie-fraternelle\/soutenir-la-paroisse\/participer-denier-de-leglise\/#primaryimage"},"thumbnailUrl":"https:\/\/bonnenouvelle.pro\/rosacepi\/wp-content\/uploads\/sites\/37\/2016\/06\/denier-chapeau-400.png","datePublished":"2016-06-24T09:32:33+00:00","dateModified":"2016-11-23T13:28:43+00:00","description":"Toute l\u2019ann\u00e9e, votre paroisse est \u00e0 votre service Sacrements, c\u00e9l\u00e9brations et pri\u00e8re, partage, transmission de la foi, solidarit\u00e9, soutien aux familles et","breadcrumb":{"@id":"https:\/\/bonnenouvelle.pro\/rosacepi\/vie-fraternelle\/soutenir-la-paroisse\/participer-denier-de-leglise\/#breadcrumb"},"inLanguage":"fr-FR","potentialAction":[{"@type":"ReadAction","target":["https:\/\/bonnenouvelle.pro\/rosacepi\/vie-fraternelle\/soutenir-la-paroisse\/participer-denier-de-leglise\/"]}]},{"@type":"ImageObject","inLanguage":"fr-FR","@id":"https:\/\/bonnenouvelle.pro\/rosacepi\/vie-fraternelle\/soutenir-la-paroisse\/participer-denier-de-leglise\/#primaryimage","url":"https:\/\/bonnenouvelle.pro\/rosacepi\/wp-content\/uploads\/sites\/37\/2016\/06\/denier-chapeau-400.png","contentUrl":"https:\/\/bonnenouvelle.pro\/rosacepi\/wp-content\/uploads\/sites\/37\/2016\/06\/denier-chapeau-400.png","width":598,"height":400},{"@type":"BreadcrumbList","@id":"https:\/\/bonnenouvelle.pro\/rosacepi\/vie-fraternelle\/soutenir-la-paroisse\/participer-denier-de-leglise\/#breadcrumb","itemListElement":[{"@type":"ListItem","position":1,"name":"Vie fraternelle","item":"https:\/\/bonnenouvelle.pro\/rosacepi\/vie-fraternelle\/"},{"@type":"ListItem","position":2,"name":"Soutenir la paroisse","item":"https:\/\/bonnenouvelle.pro\/rosacepi\/vie-fraternelle\/soutenir-la-paroisse\/"},{"@type":"ListItem","position":3,"name":"Participer au Denier de l\u2019Eglise"}]},{"@type":"WebSite","@id":"https:\/\/bonnenouvelle.pro\/rosacepi\/#website","url":"https:\/\/bonnenouvelle.pro\/rosacepi\/","name":"Rosace Pack Initial","description":"Mod\u00e8le de site WordPress Bonnenouvelle.fr","potentialAction":[{"@type":"SearchAction","target":{"@type":"EntryPoint","urlTemplate":"https:\/\/bonnenouvelle.pro\/rosacepi\/?s={search_term_string}"},"query-input":{"@type":"PropertyValueSpecification","valueRequired":true,"valueName":"search_term_string"}}],"inLanguage":"fr-FR"}]}},"_links":{"self":[{"href":"https:\/\/bonnenouvelle.pro\/rosacepi\/wp-json\/wp\/v2\/pages\/1966","targetHints":{"allow":["GET"]}}],"collection":[{"href":"https:\/\/bonnenouvelle.pro\/rosacepi\/wp-json\/wp\/v2\/pages"}],"about":[{"href":"https:\/\/bonnenouvelle.pro\/rosacepi\/wp-json\/wp\/v2\/types\/page"}],"author":[{"embeddable":true,"href":"https:\/\/bonnenouvelle.pro\/rosacepi\/wp-json\/wp\/v2\/users\/2"}],"replies":[{"embeddable":true,"href":"https:\/\/bonnenouvelle.pro\/rosacepi\/wp-json\/wp\/v2\/comments?post=1966"}],"version-history":[{"count":0,"href":"https:\/\/bonnenouvelle.pro\/rosacepi\/wp-json\/wp\/v2\/pages\/1966\/revisions"}],"up":[{"embeddable":true,"href":"https:\/\/bonnenouvelle.pro\/rosacepi\/wp-json\/wp\/v2\/pages\/1793"}],"wp:attachment":[{"href":"https:\/\/bonnenouvelle.pro\/rosacepi\/wp-json\/wp\/v2\/media?parent=1966"}],"curies":[{"name":"wp","href":"https:\/\/api.w.org\/{rel}","templated":true}]}}